g - 5*d - 1115, z*g + 4*d - 1066 = 549. Is g a composite number?
True
Suppose 5*p + 18 = 2*p. Is 2/p*(-5 - 262) prime?
True
Let a(o) = -o**2 - 3*o. Let w be a(-5). Let f be (6/5)/((-3)/w). Suppose 3*n + j - 168 = 2*n, -2*n + f*j = -306. Is n composite?
False
Let w(k) = -k**3 + 6*k**2 - 2*k + 14. Let a be w(6). Suppose -4*i = 4, 2880 = a*f - 3*i - 233. Is f prime?
False
Suppose 3*a - w - 767 = -0*w, 0 = 2*a + 4*w - 502. Suppose s + 2*s - a = 0. Is s a composite number?
True
Let s be (-6)/(-20)*2 + 180/75. Suppose -2*g + 4096 = 2*t, -1162 = -2*g + s*t + 2939. Is g a composite number?
True
Suppose 7*g - 4*g = -z + 24134, -3*g = -3*z - 24138. Is g prime?
False
Let g(x) = 43*x - 9. Suppose -4 + 14 = 5*v. Is g(v) composite?
True
Suppose -25 = j - s, 5*j - 2*s + 1 = -121. Let v = 27 + j. Suppose -5*z - 10 = 0, v*c + 2*z - 1453 = -2*z. Is c a composite number?
False
Let c(z) = z**3 + 14*z**2 - 8*z + 3. Let n be c(-13). Let j = n + -53. Is j a composite number?
False
Suppose 12*t = 7*t + 16315. Suppose 4*h + g - 3261 = 0, 0 = 7*h - 3*h + 3*g - t. Is h composite?
True
Suppose o = -2*d + 25878, 2*d + 2*d - 4*o - 51780 = 0. Is d a composite number?
False
Is -10084*(-3 + (-88)/(-32)) composite?
False
Suppose -2*f - 1058 = -2*h, -2*h + 1382 = -5*f + 324. Is h a prime number?
False
Let x(k) = -4*k - 3. Let l be x(-2). Suppose -5*j = f - 20 - 3, -5*f + 15 = 0. Suppose 3*m = -2*z + 72, 6*z - j*z = l*m - 104. Is m a composite number?
True
Let o = 41 + -37. Suppose 2*r = o*r - 1342. Is r a composite number?
True
Suppose 5*r + 2092 - 5482 = 0. Suppose -b - 3*f - 4 = 0, -3*f = 2*b + 2*f + 6. Suppose -4*p + r = b*p. Is p a prime number?
True
Let b = -3002 + 6835. Is b prime?
True
Suppose 2370 = -12*u + 7*u. Let p = 205 - u. Is p a composite number?
True
Is (-4)/14 + (-200010)/(-70) a prime number?
True
Let d(s) = -2*s - 27. Let l = 112 - 137. Is d(l) a prime number?
True
Suppose 4*o + 6322 = 2*c, -c - 4*o = -2533 - 634. Is c a prime number?
True
Let k = -7192 + 11135. Is k composite?
False
Let g be (2 + -10)*(3 + -5). Let q be 627/7 - 12/(-28). Let y = q + g. Is y composite?
True
Let j(u) = 1228*u + 43. Is j(6) a composite number?
False
Suppose 5*f - 55 = 5*v, 2*v = 2*f + 3*f - 67. Suppose -f*k - 1058 = -17*k. Is k prime?
False
Suppose -30*r + 31*r = 6411. Is r prime?
False
Suppose -x = -5*c + 2*x + 2012, 2*x - 808 = -2*c. Let b = c + -218. Is b prime?
False
Let k(m) = -59*m + 20249. Is k(0) a prime number?
True
Suppose -10*r = -6*r - 4748. Is r a composite number?
False
Let r be (4 - 8) + (1 - -7). Let h(d) be the third derivative of 3*d**5/20 + d**4/6 - d**3/2 - d**2. Is h(r) prime?
True
Let n(p) = -3071*p**2 - 5*p - 2. Let t be n(-1). Let j = t - -6975. Is j prime?
True
Let s(p) = 19*p**3 - 3*p**2 + 4*p + 1. Is s(3) a prime number?
True
Suppose 3*t + 3*w - 20988 = 0, -13997 = 5*t - 7*t + 3*w. Is t composite?
False
Let u(r) = 6*r + 1. Let t(q) = -1 - 1 + 1. Let f(y) = -2*t(y) - u(y). Is f(-3) a composite number?
False
Let w(d) = -110*d + 537. Is w(-26) a prime number?
False
Let x(g) be the third derivative of -g**4/6 + 47*g**3/6 + 6*g**2. Is x(0) a composite number?
False
Let q(g) = 112*g**2 + 29*g - 79. Is q(22) composite?
False
Let g be (0 - 6)/(-12 + 10). Let t(i) = -10*i**2 - 3*i**3 + i**g + i**3 + 8*i - 5. Is t(-14) a composite number?
True
Let g(z) = 145*z - 17. Let f be g(11). Suppose -387 = -5*y + f. Let l = 700 - y. Is l a composite number?
False
Suppose 0 = -2*x - 4, -j + 151 = -2*x - 19. Is j prime?
False
Let l = 39369 + -14870. Is l a prime number?
True
Let k(p) = -11*p**2 + 6*p + 3929. Let t(l) = -9*l**2 + 5*l + 3930. Let y(h) = -5*k(h) + 6*t(h). Is y(0) a composite number?
True
Is (-2)/(6/5451)*(-6 + 5) a prime number?
False
Suppose 4*z = -3*l + 1704 + 1001, -2725 = -3*l + z. Is l a composite number?
False
Let w(m) = 1288*m + 3. Is w(2) composite?
False
Suppose 22950 = 2*o - 2*w + 3950, 18994 = 2*o - 5*w. Is o composite?
True
Let u = 43406 + -5817. Is u prime?
True
Suppose 5*j = 2*j - 90. Let c be j*(-5)/(45/6). Let i = c - 17. Is i prime?
True
Let x be (-2)/12 + (-52)/(-24). Suppose -x*w = -0*w - 742. Suppose -o + 0*o + w = 0. Is o prime?
False
Suppose 5*y - 4*x - 4247 = 0, 2*y - 991 = 5*x + 701. Is y composite?
True
Let l be 4/18 + (-1644)/27*-2. Suppose 3*p - 399 = 4*d + l, -d = -4. Is p a composite number?
False
Is (68952 + 10 + -16)*(-3)/(-6) prime?
False
Suppose -4*x - 18 - 2 = 0, 2*x = o - 14. Suppose 5*p + 4*m - 395 = 0, 0*p - 290 = -o*p + 2*m. Is (p - 1)/(12/42) composite?
True
Let y = -10 - -9. Let p = y - -7. Is p a prime number?
False
Let d(q) = -28322*q**3 - q**2 + q - 1. Is d(-1) a prime number?
True
Suppose -2539 = -6*j + 5*j + 2*m, 5*j + 5*m = 12740. Is j a composite number?
True
Is 2*(-1 + 4)*6813/18 composite?
True
Suppose 54317 = 4*y + 3*z, -4*y + 11*z - 15*z + 54320 = 0. Is y a composite number?
False
Suppose -2*o = 4*z - 6*o - 32, 4*o = -16. Suppose 0*p = p + z*y + 1887, 2*p + 3759 = -5*y. Is 2/8 + p/(-4) a composite number?
False
Suppose -34*y - 79 = -35*y. Is y a composite number?
False
Let s be (-4 - 1)*(-1)/(-1). Let t = -2 - s. Suppose -4*q - 20 = -0*q, -4*m - t*q = -5429. Is m a prime number?
True
Suppose 68 + 190 = 86*g. Suppose -2*y = -2007 + 299. Suppose 0 = -l - g*x + y, -23 = -2*l - 2*x + 1705. Is l composite?
True
Let a = -1693 + 3632. Suppose 1931 = 3*d - 5*b, a = 3*d + 3*b - 4*b. Is d a composite number?
False
Suppose -17*p + 2 = -16*p. Let h be -4*(-68)/(-16)*p. Is (3 + -14)/(2/h) prime?
False
Let d(q) be the second derivative of 323*q**4/2 + q**3/2 - 2*q**2 - 20*q. Is d(1) composite?
True
Let v be (5 - 7)/((-2)/(-43)). Let s = v - -221. Is s composite?
True
Let z = 4586 + -1477. Is z a composite number?
False
Suppose p = 937 + 1266. Is p composite?
False
Suppose 12*h = 14794 - 2326. Is h a prime number?
True
Suppose 0 = -2*g + 809 + 13. Suppose 5*h = -2*s + 1402, 3*s + h - g - 1666 = 0. Is s a prime number?
True
Let z = 13 - 10. Let w(o) = o**2 - 3*o + 3. Let r be w(z). Is 1/r - (-446)/3 prime?
True
Suppose 33*y - 293969 = 20*y. Is y a composite number?
False
Suppose -46771 = -s - m + 86779, 934886 = 7*s - 5*m. Is s composite?
True
Suppose 0 = 4*f + 8*v - 7*v - 15735, -3*f + 11810 = -v. Let k = 1410 + f. Is k a prime number?
False
Is 2370 + -3 + (9 - 5) prime?
True
Let h = 29 + -25. Suppose -5625 = -h*p - 485. Is p composite?
True
Let i = 84079 + -17910. Is i a prime number?
True
Let w = 11318 + -6727. Is w composite?
False
Suppose 56*o + 20946 = 62*o. Is o a prime number?
True
Let d(j) = -24*j - 7. Let a be (-9)/27 + 38/6. Let b(f) = f. Let h(m) = a*b(m) - d(m). Is h(5) prime?
True
Let l(u) = 108*u**2 + 53*u + 351. Is l(-8) prime?
False
Let i be (-152)/(-4)*(3 - 1). Suppose -5*l - i = -4*w, -w + 38 = 2*w + l. Suppose 17*d = w*d + 561. Is d a prime number?
False
Let x(m) = -m**3 + 14*m**2 + 25*m + 17. Is x(-11) prime?
True
Suppose -5*o + 327 = -143. Is o composite?
True
Let l = -1 + 7. Let u be (l/(-10))/(10/(-15450)). Suppose 2*b + 3*b - 2*n - u = 0, 5*n = -4*b + 768. Is b a composite number?
True
Let x(g) be the first derivative of 30*g**2 + 31*g - 24. Is x(9) prime?
True
Let h(z) = 2*z**2 - 3*z - 4. Suppose -4*y - 17 + 5 = 0. Is h(y) a prime number?
True
Let y(n) = -11 - 34 + 3*n - 12*n + 13. Is y(-19) a prime number?
True
Suppose 2*r - 2937 = -3*t, -2937 = -2*t - t + 5*r. Is t a composite number?
True
Let r = -31 - -11. Let v be (-119)/4 + 5/r. Let g = 65 + v. Is g prime?
False
Suppose -5 = -4*l + 11. Suppose -l - 16 = -5*b. Suppose 99 = b*s - s. Is s a prime number?
False
Suppose -66*t + 422367 + 953667 = 0. Is t a composite number?
False
Let n = 3674 + 3167. Is n composite?
False
Let t(p) be the third derivative of -49*p**6/720 + p**5/30 + 3*p**4/8 + 9*p**2. Let b(g) be the second derivative of t(g). Is b(-5) a prime number?
False
Suppose -h - 3*k - 7 = 3, -14 = -h + 3*k. Let c(s) = -s**2 - 3*s + 2. Let i be c(-3). Is (i/2)/(h/502) composite?
False
Let x(u) = 5*u**3 - 3*u**2 - 3*u + 3. Let q(i) = -14*i**3 + 8*i**2 + 8*i - 9. Let p(y) = -3*q(y) - 8*x(y). Is p(5) composite?
True
Suppose 3*q - 792 = -0*q. Suppose 115 = a - q. Is a a composite number?
False
Suppose -51*x = 14*x - 271505. Is x a composite number?
False
Let h be 65/(-10)*(-1 + -1)/1. Let p(b) = b**3 - 12*b**2 + 17*b - 19. Is p(h) a composite